ctors of (4 - (-60)/(-16)) + ((-827988)/(-16))/7.
7393
Let c = 38414 + -19391. List the prime factors of c.
3, 17, 373
Let j(w) = -893*w - 2719. What are the prime factors of j(-15)?
2, 17, 157
Let s(q) = 1820*q + 1047. What are the prime factors of s(3)?
3, 241
Suppose -2*z + 132706 = -20*p + 15*p, 4*p = 10*z - 663446. List the prime factors of z.
66343
Let m(n) = -27 + 98*n - 52*n - 70*n. List the prime factors of m(-12).
3, 29
Suppose 0 = o - 1014 + 20. Suppose g - v + 6*v - 482 = 0, -o = -2*g - 4*v. What are the prime factors of g?
3, 13
Suppose 23 = 3*l - 2*q - 94, 5*l - 202 = q. Suppose 3*p + l - 323 = 0. Let n = 165 - p. List the prime factors of n.
71
Let a(g) = 0*g - 3*g + 4 - 4 + 42. List the prime factors of a(-19).
3, 11
Let w = -2668 + 3764. Suppose 60*s = 64*s - w. List the prime factors of s.
2, 137
Let k(p) = 677*p**3 + p**2 + 2*p - 1. Let g be k(1). Suppose 2*z + 75 - g = 0. List the prime factors of z.
2, 151
Let a = -6512 + 8862. List the prime factors of a.
2, 5, 47
Let l = 74444 + -27559. What are the prime factors of l?
5, 9377
Let h = 50790 - 27895. List the prime factors of h.
5, 19, 241
Suppose 275086 = -32*u - 25*u + 64*u. What are the prime factors of u?
2, 7, 401
Let p be (1 - (-93)/(-12))/(9/(-24)). Let z = p + -15. Suppose -4*x - 221 = -4*f + 499, -z*x - 355 = -2*f. List the prime factors of f.
5, 37
Let s be (-4)/24*-28*123. Let j = s - 340. Let l = j + -100. What are the prime factors of l?
2, 67
Suppose 81*s - 1684069 = 1676297. What are the prime factors of s?
2, 20743
Suppose 2*x + 4 - 14 = 0. Suppose 4*y + x*p - 31 = 0, 6*y - y + 4*p - 32 = 0. Suppose -4*n = -y*l - 272, 3*l - 112 = -3*n + 104. List the prime factors of n.
2, 5, 7
Suppose -5*g = -58848 + 27511 - 290193. What are the prime factors of g?
2, 11, 37, 79
Suppose 9*i - 85 = 4*i. Let a = 57 + -38. Suppose 16*o = i*o - a. What are the prime factors of o?
19
Let y = 211 + -208. Suppose y*v - 896 = -v. What are the prime factors of v?
2, 7
Let d = -4 - -3. Let n be (-40)/d + 2*(-8 + 7). Suppose 184 + n = 6*r. List the prime factors of r.
37
List the prime factors of (-34293)/(-45) - (-33)/(-495).
2, 3, 127
Let t(p) = 9888*p + 990. What are the prime factors of t(1)?
2, 3, 7, 37
Let y(r) = 8*r**3 + 6*r**2 - 10*r + 3. Let u be y(1). Suppose -6*i = -u*i + 3*o + 872, 4378 = 5*i + 3*o. What are the prime factors of i?
5, 7
Suppose 21*z - 16*z - 160 = 0. Let o be 16/z - 866/4. Let s = o + 311. List the prime factors of s.
5, 19
Let k(i) = 51*i**2 + 75*i + 55. What are the prime factors of k(-7)?
2029
Let h(n) be the first derivative of -n**3/3 - 13*n**2/2 + 5*n - 18. Let f be h(-13). Suppose 5*z = -5*c + 60, -f*z - 2*c + 69 = 3. List the prime factors of z.
2, 7
Suppose 5*s = -2*i - 29 - 15, 2*i = -3*s - 24. List the prime factors of 0 - ((-2)/10 + 4768/s).
3, 53
Let q = -22110 - -32100. What are the prime factors of q?
2, 3, 5, 37
Suppose 30 = 17*p - 11*p. Suppose 4*o - p*o = 4*o. Suppose -2*u - 4*x + 282 = x, 5*u - x - 732 = o. What are the prime factors of u?
2, 73
Suppose o - g = 13484, -g = -66*o + 63*o + 40452. What are the prime factors of o?
2, 3371
Suppose -4*a = 3*b - 53113, -5*b + 9*a = 5*a - 88511. List the prime factors of b.
3, 7, 281
Let g(x) = -3*x**2 + 48*x + 3. Let y be g(16). Suppose 4*t = 5*d - 3784, y*t - 2532 - 1245 = -5*d. What are the prime factors of d?
2, 3, 7
Suppose 7*u - 6*u + 146 = 0. Let z = u + 112. Let d = z + 69. What are the prime factors of d?
5, 7
Let f(o) = o**3 + 23*o**2 + 25. Let s be f(-23). Suppose -3*x + 4*x + 3 = 0. Let c = s - x. List the prime factors of c.
2, 7
Suppose 447 + 477 = 4*r. Let l = r + -52. List the prime factors of l.
179
Suppose 0 = -49*x + 38*x - 143. Let f(s) = 2*s**3 + 29*s**2 + 12*s + 28. What are the prime factors of f(x)?
379
Let x(z) = 2*z**2 - 42*z + 44. Let a(q) = -q**2 + 14*q - 15. Let f(g) = 8*a(g) + 3*x(g). Let h be f(-6). Suppose -h = -0*y - y. List the prime factors of y.
2, 3
Let w be -18*(4756/(-12) - -3). Suppose -78*k + w = -68*k. What are the prime factors of k?
2, 3, 59
Let o = 20792 + -12097. List the prime factors of o.
5, 37, 47
Let o(m) = m**2 - 4*m + 6. Let w be o(4). Let a = -1156 + 1152. List the prime factors of (w - 1) + -1 + 4 + a.
2
Let z be (6/7)/(6/21). Suppose -5*p = -3*d - 71, -z*p + 2*p + 89 = -4*d. List the prime factors of 6*((-51)/d + 12/66).
3, 5
Suppose -363*t + 367*t - 165546 = 2*o, 5*o = 2*t - 82753. What are the prime factors of t?
41389
Let x(b) = -41*b**2 + 2*b - 2. Let k be x(1). Let g = k - -37. List the prime factors of (5/g)/(-5) + (-2015)/(-20).
101
Let s(o) = 111*o**3 + 6*o**2 + 23*o - 81. List the prime factors of s(4).
7211
Let n(c) = 27*c**2 - 6*c + 6. Let k be n(6). Suppose -3*j + 267 = -k. List the prime factors of j.
13, 31
Let v(a) = -a**2 - 22*a - 108. Let h be v(-9). Suppose -h*c = -520 - 8219. List the prime factors of c.
971
Suppose -476*o + 2085574 = 110*o. List the prime factors of o.
3559
Suppose 2328*r - 2375*r = -1299315. What are the prime factors of r?
3, 5, 19, 97
Suppose -895*t + 766*t = -4969467. List the prime factors of t.
3, 12841
List the prime factors of 4 + (-252)/62 - (-31056960)/682.
2, 22769
Suppose 2*v - 30 - 194 = -5*u, u = 0. Let m = v - 386. Let j = m + 548. What are the prime factors of j?
2, 137
Suppose 4*s - 20 = 3*o, -18*s + 13*s + o = -14. List the prime factors of s - (-85)/(-35) - 1165/(-7).
2, 83
Suppose -26*b - 25*b + 561100 = 49*b. List the prime factors of b.
31, 181
Let a be (-730)/(-22) - (-44)/(-242). Suppose -a - 15 = -3*r. What are the prime factors of 530/4 - (-24)/r?
2, 67
Let z = -168 - -658. Let q = -261 + z. What are the prime factors of q?
229
Let w be ((-56)/(-10))/7*5. Suppose -s - w*s + 9 = -t, 3*t = -5*s + 73. List the prime factors of t.
2
Let r(l) = 192*l**3 - 9*l**2 + 15*l - 2. Suppose -3*b - 13 = -5*v, -6 = -5*v + 49*b - 53*b. What are the prime factors of r(v)?
2, 191
Let i = 152 + -169. Let z(c) = c**3 + 20*c**2 + 23*c + 21. List the prime factors of z(i).
7, 71
Let j = 17160 + -14699. What are the prime factors of j?
23, 107
Suppose -96*o - 73*o = -54*o - 17135. List the prime factors of o.
149
Let h(u) = u**3 + 18*u**2 - 46*u - 57. Let o be h(-24). Let n = -1301 - o. What are the prime factors of n?
2, 277
Suppose 83*r - 7099 = 81*r - 1469. List the prime factors of r.
5, 563
Let j = 20926 + -3809. What are the prime factors of j?
17117
Suppose -5*y + 148625 = 2*h, 21*h = 23*h - 5*y - 148635. List the prime factors of h.
5, 89, 167
Suppose -7*m = -11*m - 344. Let g = -77 + 19. Let h = g - m. What are the prime factors of h?
2, 7
Let a be (-1)/8 - (-3121)/8. Let d(z) = 5*z**2 + 3*z + 3. Let c be d(-1). Suppose -2*r + 5*o - 2*o + 156 = 0, a = c*r - 2*o. What are the prime factors of r?
2, 3, 13
Let i = -6 + 18. Let z(s) = -15*s - 1046 + 0*s**2 + 2185 - 1100 + s**2. List the prime factors of z(i).
3
Suppose 2*t + i = -4677, 4*t + 10890 = -i + 1535. Let q = t + 4028. List the prime factors of q.
3, 563
Suppose 0*c = -2*c. Suppose 0 = -3*f + x + 958, f - x - 123 - 195 = c. Suppose a - 11*a = -f. List the prime factors of a.
2
Suppose 0 = 5*v - 21 + 11. Suppose 0 = v*i - 0*i + g - 5, 3*i = -5*g + 11. Suppose i*p - u = 111, -2*p = 5*u + 42 - 147. List the prime factors of p.
5, 11
Let j(g) = g**2 + 3*g + 4. Let b be j(0). Suppose 0*s = -2*s - b*x - 12, s - 5*x = -27. What are the prime factors of (-18)/(-1 - 0)*(-68)/s?
2, 3, 17
Let l(k) = -k**2 + k. Let p(y) = -2*y**2 - 16*y + 22. Let z be (-2)/(-3)*((-28)/(-8) + 1). Let f(x) = z*l(x) - p(x). What are the prime factors of f(16)?
2, 13
Let t(g) = 4*g + 12. Let n be t(-12). List the prime factors of (-348 + 0)*n/27.
2, 29
Let v(g) = g + 1 - 5*g + 3*g + 2 + 5 + 302*g**2. List the prime factors of v(2).
2, 607
Let y(t) be the second derivative of -21*t**3/2 + 10*t**2 + 9*t. What are the prime factors of y(-9)?
587
Let d = -1831 + 15974. List the prime factors of d.
14143
Suppose 0 = 3*d - 0*d + 3*b + 6, -22 = -3*d + 4*b. Suppose -d*c = -c - 148. Suppose 4*r = 4*a - c, 0 = 4*a - a + 4*r - 146. List the prime factors of a.
2, 3, 7
Suppose -231357 - 25723 = -20*n. List the prime factors of n.
2, 6427
Suppose -6*x + 72 = -2*x + 3*z, 0 = -5*x - 5*z + 95. Suppose -3*j = -30 - x. Suppose j*w - 2023 - 1217 = 0. What are the prime factors of w?